vide 6421?
False
Does 92 divide 1157?
False
Is 41752 a multiple of 136?
True
Is 168 a multiple of 56?
True
Does 17 divide 141508?
True
Is 44 a factor of 566?
False
Is 1175 a multiple of 17?
False
Does 12 divide 96?
True
Does 20 divide 2086?
False
Does 12 divide 2131?
False
Is 227 a factor of 59928?
True
Does 11 divide 60533?
True
Is 22 a factor of 2848?
False
Is 22 a factor of 8580?
True
Does 66 divide 2366?
False
Is 6305 a multiple of 11?
False
Is 789 a multiple of 5?
False
Is 4973 a multiple of 2?
False
Is 31 a factor of 1968?
False
Is 269 a multiple of 7?
False
Is 3339 a multiple of 159?
True
Does 43 divide 8108?
False
Is 13 a factor of 25263?
False
Is 13 a factor of 6962?
False
Is 97240 a multiple of 88?
True
Is 198 a multiple of 9?
True
Is 86 a factor of 49192?
True
Is 3144 a multiple of 21?
False
Is 34 a factor of 476?
True
Is 16 a factor of 2211?
False
Is 782 a multiple of 23?
True
Is 38 a factor of 9880?
True
Is 12 a factor of 2268?
True
Is 3084 a multiple of 4?
True
Is 7071 a multiple of 32?
False
Is 9 a multiple of 3?
True
Does 67 divide 24723?
True
Does 140 divide 34127?
False
Is 486 a multiple of 8?
False
Is 2 a factor of 6?
True
Does 13 divide 11739?
True
Is 1291 a multiple of 26?
False
Does 277 divide 58686?
False
Is 25 a factor of 1252?
False
Does 121 divide 18375?
False
Is 611 a multiple of 47?
True
Is 22 a factor of 220?
True
Is 6 a factor of 888?
True
Is 29778 a multiple of 21?
True
Does 9 divide 7839?
True
Is 21 a factor of 369?
False
Is 20628 a multiple of 54?
True
Does 123 divide 9594?
True
Does 78 divide 14755?
False
Is 9 a factor of 468?
True
Is 3 a factor of 5491?
False
Does 9 divide 956?
False
Is 1509 a multiple of 13?
False
Does 21 divide 75?
False
Is 2 a factor of 122?
True
Is 5575 a multiple of 4?
False
Is 160 a multiple of 32?
True
Is 14 a factor of 2717?
False
Does 109 divide 38150?
True
Is 11967 a multiple of 139?
False
Is 22 a factor of 506?
True
Is 13 a factor of 244?
False
Is 3573 a multiple of 10?
False
Is 74308 a multiple of 20?
False
Is 2 a factor of 746?
True
Does 11 divide 11?
True
Is 331 a multiple of 19?
False
Does 17 divide 35599?
False
Does 27 divide 6648?
False
Does 6 divide 174?
True
Is 21 a factor of 642?
False
Is 102 a factor of 10404?
True
Is 736 a multiple of 23?
True
Does 184 divide 25024?
True
Is 5090 a multiple of 155?
False
Is 1062 a multiple of 26?
False
Is 18 a factor of 81666?
True
Does 118 divide 4366?
True
Does 6 divide 846?
True
Is 544 a multiple of 9?
False
Does 4 divide 572?
True
Does 215 divide 11077?
False
Does 10 divide 176?
False
Is 18 a factor of 5418?
True
Is 12 a factor of 1941?
False
Does 13 divide 3068?
True
Does 2 divide 30?
True
Is 63 a factor of 9533?
False
Does 6 divide 522?
True
Is 18 a factor of 26148?
False
Does 17 divide 66487?
True
Does 49 divide 6314?
False
Is 11 a factor of 594?
True
Is 27 a factor of 161?
False
Is 3058 a multiple of 22?
True
Does 17 divide 1023?
False
Does 24 divide 7725?
False
Is 1687 a multiple of 113?
False
Is 16770 a multiple of 39?
True
Is 3 a factor of 1203?
True
Does 3 divide 52?
False
Is 14 a factor of 8570?
False
Is 32 a factor of 1440?
True
Is 37 a factor of 35181?
False
Does 26 divide 390?
True
Does 293 divide 62116?
True
Is 46 a factor of 4264?
False
Is 46143 a multiple of 82?
False
Does 120 divide 85384?
False
Is 6816 a multiple of 35?
False
Is 8 a factor of 75117?
False
Is 13 a factor of 1565?
False
Does 7 divide 653?
False
Is 22687 a multiple of 6?
False
Does 15 divide 1606?
False
Is 5 a factor of 5570?
True
Does 21 divide 581?
False
Does 22 divide 3696?
True
Is 444 a multiple of 11?
False
Is 1547 a multiple of 17?
True
Is 5409 a multiple of 25?
False
Is 1224 a multiple of 36?
True
Does 2 divide 60?
True
Does 4 divide 20616?
True
Does 56 divide 365?
False
Does 42 divide 7728?
True
Is 2975 a multiple of 7?
True
Is 1107 a multiple of 20?
False
Is 26 a factor of 312?
True
Is 49 a factor of 15190?
True
Is 30 a factor of 602?
False
Is 92 a factor of 1104?
True
Is 20 a factor of 8928?
False
Does 35 divide 46409?
False
Is 4466 a multiple of 2?
True
Is 2 a factor of 584?
True
Is 45 a factor of 21330?
True
Is 51 a factor of 11679?
True
Is 187 a factor of 18326?
True
Is 7134 a multiple of 41?
True
Is 26 a factor of 15772?
False
Does 3 divide 49?
False
Is 228 a factor of 19152?
True
Does 6 divide 138?
True
Does 384 divide 1152?
True
Does 27 divide 65426?
False
Is 97 a multiple of 3?
False
Is 5 a factor of 930?
True
Is 27645 a multiple of 15?
True
Is 70 a factor of 3360?
True
Does 11 divide 2205?
False
Is 812 a multiple of 14?
True
Is 251 a multiple of 16?
False
Is 668 a multiple of 23?
False
Is 10 a factor of 612?
False
Is 39 a multiple of 3?
True
Is 28864 a multiple of 12?
False
Is 540 a multiple of 69?
False
Is 7 a factor of 764?
False
Does 10 divide 472?
False
Is 670 a multiple of 10?
True
Is 25 a factor of 100?
True
Is 23 a factor of 190?
False
Is 47 a factor of 917?
False
Is 35 a factor of 455?
True
Is 52 a factor of 18928?
True
Is 63 a multiple of 18?
False
Does 17 divide 1050?
False
Is 9702 a multiple of 98?
True
Is 6 a factor of 1410?
True
Is 48 a factor of 28656?
True
Is 1534 a multiple of 28?
False
Is 39 a factor of 257?
False
Does 40 divide 200?
True
Is 161 a multiple of 19?
False
Is 50 a multiple of 8?
False
Is 14 a factor of 344?
False
Is 4 a factor of 513?
False
Is 71950 a multiple of 183?
False
Does 17 divide 2645?
False
Is 32 a factor of 672?
True
Does 33 divide 22120?
False
Does 33 divide 660?
True
Does 4 divide 105?
False
Does 7 divide 321?
False
Is 10094 a multiple of 132?
False
Is 8 a multiple of 4?
True
Does 94 divide 3290?
True
Does 240 divide 12000?
True
Does 51 divide 102?
True
Is 51 a factor of 1772?
False
Does 7 divide 2964?
False
Is 43125 a multiple of 115?
True
Does 11 divide 1441?
True
Is 28 a factor of 5480?
False
Is 4 a factor of 1431?
False
Does 3 divide 6836?
False
Does 8 divide 5484?
False
Does 159 divide 11925?
True
Is 12409 a multiple of 23?
False
Does 52 divide 29191?
False
Is 4 a factor of 7476?
True
Is 84 a multiple of 2?
True
Is 560 a multiple of 35?
True
Does 481 divide 189033?
True
Does 39 divide 11779?
False
Is 6 a factor of 680?
False
Is 6376 a multiple of 37?
False
Is 18 a factor of 731?
False
Is 18 a factor of 1008?
True
Does 34 divide 2044?
False
Does 17 divide 19471?
False
Is 6989 a multiple of 29?
True
Is 24465 a multiple of 233?
True
Is 59 a factor of 6940?
False
Is 162 a multiple of 36?
False
Is 81 a factor of 1377?
True
Is 893 a multiple of 34?
False
Does 15 divide 16305?
True
Does 185 divide 100640?
True
Is 1419 a multiple of 10?
False
Is 16 a factor of 864?
True
Is 16372 a multiple of 97?
False
Is 14 a factor of 728?
True
Is 8 a factor of 144?
True
Is 13 a factor of 13782?
False
Does 28 divide 1036?
True
Does 107 divide 49434?
True
Is 11801 a multiple of 31?
False
Is 1366 a multiple of 2?
True
Is 49 a multiple of 7?
True
Does 232 divide 85927?
False
Is 461 a multiple of 11?
False
Is 33 a factor of 6864?
True
Does 13 divide 4976?
False
Is 7480 a multiple of 44?
True
Is 78 a factor of 390?
True
Does 103 divide 1036?
False
Does 12 divide 120?
True
Does 27 divide 13311?
True
Is 1162 a multiple of 54?
False
Is 22969 a multiple of 14?
False
Is 27863 a multiple of 11?
True
Does 28 divide 163?
False
Is 33 a factor of 2131?
False
Does 5 divide 2115?
True
Does 20 divide 265?
False
Is 152 a factor of 6232?
True
Does 2 divide 441?
False
Is 57311 a multiple of 85?
False
Is 3020 a multiple of 10?
True
Is 71 a factor of 1136?
True
Does 21 divide 321?
False
Does 10 divide 14360?
True
Does 145 divide 4128?
False
Is 51 a factor of 21879?
True
Does 296 divide 74399?
False
Is 28180 a multiple of 20?
True
Is 75 a factor of 9750?
True
Does 218 divide 1416?
False
Is 1957 a multiple of 103?
True
Is 8 a factor of 392?
True
Does 177 divide 26196?
True
Is 15069 a multiple of 241?
False
Does 4 divide 101?
False
Does 5 divide 1680?
True
Is 5773 a multiple of 66?
False
Is 114 a factor of 3226?
False
Is 6 a multiple of 3?
True
Is 688 a multiple of 22?
False
Is 42 a multiple of 6?
True
Does 104 divide 20116?
False
Does 36 divide 8998?
False
Does 166 divide 141437?
False
Is 40 a multiple of 20?
True
Does 7 divide 664?
False
Is 42 a factor of 462?
True
Is 4725 a multiple of 15?
True
Does 26 divide 26?
True
Is 59 a fac